0*b + 14. Let h be m(-5). Let r be h - (-3)/(6/8). Let u be r/48 - (-3)/4. Calculate the highest common factor of 14 and u.
14
Suppose -3*u + 3*f = -186, 2*u - f - 33 = 93. Calculate the greatest common divisor of u and 112.
16
Suppose 0 = 7*l - 3*l - 2*d - 270, d = 5*l - 333. Calculate the greatest common divisor of l and 231.
33
Suppose 77*i - 86*i = -27. What is the greatest common divisor of i and 156?
3
Let r = 23 - 19. Suppose r*q - 8*q + 84 = 0. Calculate the greatest common factor of 7 and q.
7
Suppose 3*i = 2*x + i - 18, 5*x - 2*i - 57 = 0. Let t = 21 - x. Let d = 33 + -17. Calculate the highest common factor of d and t.
8
Let f = 592 - 246. Suppose -5*v - z + 444 = -3*z, -3*z = 4*v - f. What is the highest common factor of 11 and v?
11
Suppose 0 = 11*u - 79 + 13. What is the greatest common factor of u and 57?
3
Suppose 2*p - 6*p - 4*z + 512 = 0, -2*p + 261 = z. Suppose -h + 211 = -p. Let n = h + -169. What is the greatest common divisor of n and 70?
35
Let g be 506 + 6/10*(-360)/(-36). Calculate the highest common divisor of g and 8.
8
Let i be ((-2)/5)/(32/(-8800)). What is the greatest common factor of 275 and i?
55
Let j = -6 + 8. Let i(c) = c + 2. Let u be i(j). Suppose -224 = -3*l - 92. Calculate the highest common factor of l and u.
4
Let c be 7*-1*(1 - 0). Let t = -4 - c. Let d = -100 - -103. What is the highest common divisor of d and t?
3
Suppose 0 = -235*x + 221*x + 462. Calculate the greatest common divisor of 561 and x.
33
Let o = 10 - 0. Let n be -3*(-4)/60 - 166/5. Let s = 143 + n. Calculate the greatest common divisor of s and o.
10
Let c be 80/5 + -3 + 0. Suppose -c*v + 136 = -9*v. What is the greatest common divisor of 17 and v?
17
Suppose 0 = -6*c - 2*c + 40. Suppose c*i - 1 - 89 = 0. Calculate the highest common divisor of 12 and i.
6
Let y(o) = o**2 - 19*o + 12. Let h be y(12). Let p = h + 141. Calculate the highest common factor of p and 23.
23
Let n(y) = -y**2 + 1. Let u be n(1). Suppose u*g - 5*g = -15. Suppose -5*p + g*c + 91 = 0, -c + 57 = 3*p - 2*c. What is the highest common factor of p and 4?
4
Let h(l) = l + 33. Let u be h(-25). Let g be (-1)/(3/(-27)) + -1. Calculate the highest common divisor of u and g.
8
Let w = 660 - 417. What is the highest common factor of w and 18?
9
Let o(h) = -4*h + 18. Let r be o(-16). Let u = r - 19. What is the highest common factor of u and 7?
7
Let u(k) = k**2 + 10*k - 28. Let r be u(11). What is the highest common divisor of r and 174?
29
Let p(x) = 2*x**2 + x - 5. Let l be p(-5). Let i(c) = -8*c + 26. Let n be i(-6). Let b = -54 + n. Calculate the highest common divisor of l and b.
20
Let l = -221 - -233. Calculate the highest common divisor of l and 138.
6
Suppose 3*d + 4*p - 165 = 0, 0*d + p = -4*d + 233. What is the greatest common divisor of d and 295?
59
Suppose 4*x = r - 85, 0 = -68*r + 65*r - x + 320. What is the greatest common factor of r and 15?
15
Let i(l) = l**3 + 15*l**2 + 23*l + 25. Let z be i(-9). What is the highest common divisor of 114 and z?
38
Suppose f - 74 = -26. Let d = f + -27. Let k(u) = 9*u - 2. Let i be k(1). Calculate the highest common divisor of i and d.
7
Let t = -11 - -27. What is the greatest common factor of t and 132?
4
Let j = 1070 - 1064. Calculate the greatest common divisor of j and 10.
2
Let i = 528 + -35. What is the greatest common factor of i and 34?
17
Let o be (0/5 - 61/4)*-8. Let q be o + (-5)/(4 - 3). Calculate the highest common factor of 78 and q.
39
Let g be (0 + (-195)/10)*(-476)/21. Calculate the greatest common factor of g and 34.
34
Let z be (-3)/6 - (-283)/2. Suppose -12*x + 3 = -z. What is the greatest common factor of 48 and x?
12
Let q = 50 + -26. Suppose 0 = -h + 20 + q. Let r = 23 + -12. What is the highest common factor of r and h?
11
Suppose -10*f = -3980 + 1510. What is the highest common factor of 76 and f?
19
Suppose 4*r - 13 = 3. Let q be r + 0 - (-2)/(-2). Calculate the greatest common factor of q and 12.
3
Let g be (-3)/(9/(-19))*3. Let f = g + 37. What is the greatest common factor of 7 and f?
7
Let j = 18 + -15. Let i be j + 0 + 3 + 10. Calculate the greatest common factor of i and 160.
16
Let x be (6/(-3))/(2/(-10)). Suppose j - x = -j. Calculate the highest common factor of j and 5.
5
Suppose -361 = -3*j + 119. Suppose -6*x + 69 = 285. Let i = x - -68. What is the greatest common factor of j and i?
32
Let m be (-38 - 8)/(-3 + 2/2). What is the highest common factor of m and 322?
23
Let d(a) = -a**2 - 7*a + 37. Let z be d(-10). Let u be (z + 1)/(23/69). What is the highest common divisor of 64 and u?
8
Suppose 0 = -n - 3*n - 4*s + 412, -301 = -3*n + s. What is the highest common divisor of 1717 and n?
101
Suppose 4*h + 6 - 38 = 0. Suppose 4*o - h*o + 16 = 0. Calculate the greatest common divisor of 28 and o.
4
Suppose 377 = 3*y - v, -223*y + 4*v + 374 = -220*y. What is the highest common divisor of y and 714?
42
Suppose 0 = 4*v - 7*v + 54. Let l(w) = -w**2 + 4*w + 7. Let z be l(10). Let n = z - -98. Calculate the highest common divisor of v and n.
9
Suppose 4*y = 3*g + 346, 3*y - 149 - 121 = -3*g. Suppose -2*z = -i + 86, -2*i + 4*z = -i - y. Calculate the greatest common divisor of i and 24.
12
Let m be 201 - (-7)/1 - 0. Calculate the highest common divisor of m and 78.
26
Let z = 137 - 72. Suppose 3*w - 29 = 5*s + 1, -2*s = -3*w + 21. Calculate the highest common divisor of w and z.
5
Suppose -5*v - 4*i + 14 = 0, -32 = -2*v - 2*i - 28. Calculate the highest common divisor of 48 and v.
6
Suppose -3*n + b = -15, 3*b = 2*b. Suppose 4 = 4*g - 8, g + 107 = n*f. Calculate the highest common factor of f and 22.
22
Let l be (-732)/(-9) + (-78)/18 + 3. What is the greatest common divisor of 112 and l?
16
Suppose -1 = -3*w - 10, 0 = -2*d + 4*w + 208. Suppose -70 = -168*n + 163*n. Calculate the highest common factor of n and d.
14
Let y(a) = -180*a + 53. Let c be y(-6). What is the greatest common factor of 206 and c?
103
Suppose -23*j + 5189 = 428. Let y be (-113)/(-5) + (-6)/(-15). What is the highest common factor of y and j?
23
Let u(n) = 15*n - 4. Let r be u(3). Suppose -4*o - 3*h + 34 = -5*h, -5*o + 4*h + r = 0. Let w = 24 - o. Calculate the greatest common factor of 30 and w.
15
Let f(s) = 17*s**2 - 4*s - 3. Let a be f(-1). Let u be 27/4*112/42. What is the highest common divisor of u and a?
18
Let v be (-6)/((-30)/(-12) + -4). Let o(x) = -x**2 + 15*x - 28. Let g be o(v). What is the highest common divisor of g and 16?
16
Suppose 0 = -4*k + 3*x + 89, -21 - 28 = -2*k + 3*x. Calculate the greatest common divisor of 110 and k.
10
Let p = 57 - 46. What is the highest common divisor of p and 11?
11
Suppose 0 = -2*g - 2*d + 11 + 21, -10 = -g + 2*d. Calculate the greatest common factor of g and 392.
14
Let t(y) be the third derivative of -y**5/60 + y**4/3 - 5*y**3/6 - 7*y**2. Let q be t(4). Calculate the highest common factor of q and 1.
1
Suppose -2*q + 15 + 31 = 0. Suppose -2*j + 5*l + 176 = 0, 4*l = -3*j + 3*l + 230. Let d = 101 - j. Calculate the greatest common divisor of d and q.
23
Let r(z) = -2*z + 42. Let f be r(-17). What is the highest common divisor of 38 and f?
38
Let m(c) = -c + 10. Let u be m(-10). Let n = 92 + -32. Calculate the highest common divisor of u and n.
20
Suppose 28 = 5*s + 13. Suppose -3*n - 33 = -k + n, -2*n - 59 = -s*k. Calculate the greatest common factor of k and 34.
17
Let d be (-959)/(5 + (9 - 21)). What is the highest common factor of 1 and d?
1
Suppose w = 5*u + 47, 4*w = -2*u - 17 + 117. Suppose 10 = 5*d, -2*x = -7*x - 2*d + 274. What is the highest common factor of w and x?
27
Let a = -222 + 240. Calculate the highest common factor of a and 126.
18
Let b(v) = 2*v - 14. Let c be b(43). Calculate the greatest common divisor of c and 108.
36
Let v(c) = 9*c**2 - 2*c - 3*c**3 + 2*c**3 - 1 - 3*c**2 - 2*c**2. Let x be v(2). Suppose -20 = -x*j + 19. Calculate the greatest common divisor of j and 13.
13
Suppose -17 - 165 = -t. What is the highest common divisor of t and 28?
14
Let x(a) = -a**3 - 8*a - 25. Let r be x(-5). Calculate the highest common divisor of 60 and r.
20
Suppose 3 + 1 = 2*q. Suppose l - 4*k = -q, 0*l + 2*l + 4*k = 32. Suppose -7*v + 12 = -v. What is the greatest common factor of l and v?
2
Suppose -v + 396 = 2*c - 1659, -4*v + 12 = 0. Calculate the greatest c